90 and 290.
10
What is the greatest common factor of 216 and 1242?
54
Calculate the highest common factor of 4732 and 112.
28
Calculate the highest common factor of 2000 and 160.
80
What is the highest common factor of 20298 and 102?
102
Calculate the greatest common divisor of 10 and 11185.
5
What is the greatest common factor of 406 and 2198?
14
Calculate the highest common divisor of 506 and 154.
22
Calculate the highest common factor of 138 and 8625.
69
What is the greatest common divisor of 1210 and 190?
10
What is the greatest common factor of 4 and 172?
4
Calculate the highest common divisor of 27 and 4689.
9
Calculate the highest common factor of 697 and 41.
41
What is the highest common divisor of 30 and 282?
6
What is the greatest common factor of 1944 and 624?
24
Calculate the highest common factor of 2 and 8.
2
What is the highest common divisor of 392 and 8?
8
Calculate the greatest common factor of 11 and 1496.
11
What is the highest common factor of 832 and 128?
64
Calculate the greatest common divisor of 468 and 150.
6
What is the greatest common factor of 785 and 5181?
157
What is the greatest common factor of 848 and 689?
53
What is the highest common divisor of 150 and 6150?
150
Calculate the highest common factor of 686 and 42.
14
Calculate the highest common factor of 378 and 12.
6
What is the greatest common divisor of 260 and 65?
65
What is the highest common divisor of 20 and 1090?
10
What is the highest common divisor of 5489 and 33?
11
What is the highest common factor of 20 and 76?
4
What is the highest common divisor of 222 and 296?
74
Calculate the highest common factor of 1464 and 12627.
183
Calculate the highest common factor of 1122 and 66.
66
Calculate the greatest common divisor of 1734 and 187.
17
What is the highest common divisor of 185 and 55?
5
Calculate the highest common factor of 24 and 72.
24
What is the greatest common factor of 39 and 26?
13
What is the highest common factor of 10 and 8345?
5
Calculate the highest common divisor of 54 and 318.
6
What is the greatest common divisor of 126 and 5082?
42
Calculate the greatest common divisor of 7500 and 2.
2
Calculate the highest common factor of 960 and 45.
15
Calculate the highest common divisor of 969 and 57.
57
Calculate the greatest common factor of 475 and 209.
19
What is the highest common factor of 325 and 25?
25
What is the highest common divisor of 56 and 126?
14
What is the greatest common divisor of 2074 and 122?
122
Calculate the highest common divisor of 548 and 4.
4
What is the highest common factor of 4247 and 137?
137
Calculate the highest common factor of 756 and 144.
36
What is the highest common factor of 66 and 528?
66
Calculate the greatest common factor of 44 and 1199.
11
What is the greatest common factor of 2010 and 30?
30
What is the highest common divisor of 455 and 1105?
65
Calculate the highest common factor of 1775 and 50.
25
What is the highest common factor of 94 and 16?
2
Calculate the highest common divisor of 8 and 44.
4
What is the greatest common factor of 14 and 448?
14
Calculate the greatest common divisor of 315 and 135.
45
Calculate the greatest common divisor of 312 and 1380.
12
Calculate the greatest common divisor of 41 and 39401.
41
What is the highest common divisor of 412 and 515?
103
Calculate the greatest common divisor of 533 and 26.
13
Calculate the highest common factor of 528 and 726.
66
Calculate the highest common factor of 3 and 2.
1
What is the greatest common divisor of 1161 and 162?
27
What is the greatest common divisor of 65 and 260?
65
What is the greatest common divisor of 38 and 1919?
19
What is the greatest common divisor of 7 and 12271?
7
What is the highest common divisor of 45 and 20565?
45
Calculate the highest common divisor of 34 and 142.
2
What is the highest common factor of 69416 and 8?
8
Calculate the greatest common divisor of 4 and 6.
2
What is the greatest common divisor of 72 and 153?
9
What is the highest common factor of 20 and 85?
5
What is the highest common divisor of 64 and 164?
4
Calculate the greatest common divisor of 6 and 7746.
6
Calculate the highest common factor of 21 and 119.
7
Calculate the highest common divisor of 2294 and 2.
2
What is the greatest common divisor of 130 and 15665?
65
What is the greatest common factor of 12 and 732?
12
Calculate the highest common factor of 704 and 1200.
16
What is the greatest common factor of 58 and 2?
2
Calculate the greatest common factor of 36 and 972.
36
What is the greatest common divisor of 92 and 176?
4
Calculate the greatest common factor of 765 and 425.
85
What is the greatest common factor of 14940 and 180?
180
Calculate the greatest common factor of 138 and 26.
2
Calculate the greatest common divisor of 145 and 10.
5
What is the greatest common divisor of 93 and 3720?
93
Calculate the greatest common factor of 40 and 15.
5
What is the highest common factor of 3090 and 90?
30
What is the highest common divisor of 685 and 160?
5
Calculate the highest common factor of 3441 and 37.
37
Calculate the highest common factor of 64 and 1.
1
What is the greatest common factor of 34 and 8?
2
What is the highest common factor of 114 and 6?
6
What is the greatest common divisor of 15295 and 23?
23
What is the highest common factor of 15 and 5115?
15
What is the highest common factor of 16 and 15144?
8
Calculate the highest common divisor of 272 and 40.
8
Calculate the greatest common divisor of 36 and 8982.
18
Calculate the highest common factor of 130 and 50.
10
Calculate the highest common factor of 55 and 130.
5
Calculate the greatest common factor of 13 and 143.
13
Calculate the highest common divisor of 18 and 486.
18
What is the greatest common divisor of 197 and 21473?
197
What is the highest common divisor of 24 and 492?
12
What is the greatest common divisor of 47 and 94?
47
What is the highest common factor of 1207 and 639?
71
What is the greatest common factor of 2390 and 40?
10
Calculate the highest common divisor of 22981 and 134.
67
Calculate the greatest common divisor of 152 and 8.
8
Calculate the highest common divisor of 276 and 84.
12
What is the greatest common factor of 980 and 280?
140
Calculate the highest common divisor of 170 and 238.
34
What is the greatest common factor of 74 and 4366?
74
What is the greatest common factor of 1140 and 1410?
30
Calculate the highest common divisor of 36 and 12564.
36
What is the highest common factor of 33 and 12507?
33
Calculate the greatest common factor of 342 and 114.
114
Calculate the greatest common factor of 1778 and 77.
7
What is the greatest common factor of 270 and 90?
90
What is the greatest common factor of 106 and 4187?
53
Calculate the greatest common divisor of 28 and 154.
14
Calculate the greatest common factor of 217 and 124.
31
Calculate the highest common divisor of 693 and 2156.
77
What is the highest common factor of 168 and 378?
42
What is the highest common factor of 126139 and 403?
403
What is the highest common factor of 442 and 52?
26
What is the greatest common factor of 156 and 195?
39
What is the greatest common divisor of 5808 and 48?
48
Calculate the highest common factor of 8733 and 41.
41
Calculate the greatest common divisor of 1768 and 17.
17
Calculate the greatest common factor of 90 and 20.
10
What is the greatest common divisor of 781 and 22?
11
Calculate the highest common divisor of 1072 and 128.
16
Calculate the highest common divisor of 1376 and 32.
32
Calculate the greatest common factor of 36250 and 290.
290
Calculate the highest common divisor of 1368 and 1064.
152
Calculate the highest common factor of 8 and 16.
8
What is the greatest common factor of 20 and 290?
10
What is the highest common divisor of 93 and 9703?
31
What is the highest common divisor of 805 and 5474?
161
What is the greatest common factor of 10 and 8210?
10
What is the highest common divisor of 387 and 270?
9
Calculate the greatest common factor of 58 and 87.
29
What is the greatest common divisor of 2 and 54?
2
What is the highest common factor of 1015 and 525?
35
What is the greatest common factor of 2139 and 186?
93
What is the highest common factor of 1955 and 10557?
391
What is the highest common factor of 70 and 42?
14
What is the highest co